ainder when 1852 is divided by 66.
4
What is the remainder when 94 is divided by 37?
20
Calculate the remainder when 322 is divided by 106.
4
Calculate the remainder when 640 is divided by 92.
88
What is the remainder when 65 is divided by 12?
5
What is the remainder when 164 is divided by 28?
24
Calculate the remainder when 285 is divided by 7.
5
Calculate the remainder when 535 is divided by 10.
5
What is the remainder when 154 is divided by 29?
9
What is the remainder when 237 is divided by 15?
12
Calculate the remainder when 229 is divided by 58.
55
What is the remainder when 367 is divided by 85?
27
What is the remainder when 331 is divided by 83?
82
Calculate the remainder when 414 is divided by 55.
29
Calculate the remainder when 2377 is divided by 68.
65
What is the remainder when 94 is divided by 24?
22
What is the remainder when 618 is divided by 5?
3
Calculate the remainder when 207 is divided by 141.
66
What is the remainder when 41 is divided by 12?
5
What is the remainder when 669 is divided by 48?
45
Calculate the remainder when 319 is divided by 13.
7
Calculate the remainder when 7580 is divided by 16.
12
What is the remainder when 557 is divided by 80?
77
What is the remainder when 770 is divided by 29?
16
What is the remainder when 144 is divided by 19?
11
Calculate the remainder when 342 is divided by 39.
30
Calculate the remainder when 150 is divided by 45.
15
Calculate the remainder when 76 is divided by 63.
13
Calculate the remainder when 448 is divided by 19.
11
Calculate the remainder when 87 is divided by 22.
21
What is the remainder when 162 is divided by 39?
6
What is the remainder when 278 is divided by 65?
18
What is the remainder when 561 is divided by 197?
167
Calculate the remainder when 1292 is divided by 24.
20
What is the remainder when 462 is divided by 58?
56
Calculate the remainder when 136 is divided by 31.
12
What is the remainder when 478 is divided by 21?
16
Calculate the remainder when 52 is divided by 4.
0
Calculate the remainder when 177 is divided by 53.
18
What is the remainder when 95 is divided by 32?
31
Calculate the remainder when 2061 is divided by 76.
9
What is the remainder when 1271 is divided by 37?
13
Calculate the remainder when 1738 is divided by 1728.
10
What is the remainder when 1018 is divided by 85?
83
Calculate the remainder when 1365 is divided by 14.
7
What is the remainder when 2540 is divided by 421?
14
Calculate the remainder when 356 is divided by 15.
11
Calculate the remainder when 811 is divided by 24.
19
Calculate the remainder when 175 is divided by 90.
85
Calculate the remainder when 91 is divided by 20.
11
Calculate the remainder when 180 is divided by 39.
24
Calculate the remainder when 3677 is divided by 3675.
2
Calculate the remainder when 111 is divided by 16.
15
What is the remainder when 485 is divided by 76?
29
Calculate the remainder when 406 is divided by 12.
10
Calculate the remainder when 1245 is divided by 96.
93
What is the remainder when 406 is divided by 19?
7
What is the remainder when 386 is divided by 112?
50
What is the remainder when 186 is divided by 63?
60
What is the remainder when 762 is divided by 82?
24
Calculate the remainder when 1155 is divided by 40.
35
What is the remainder when 5253 is divided by 404?
1
Calculate the remainder when 1241 is divided by 611.
19
What is the remainder when 222 is divided by 76?
70
Calculate the remainder when 1106 is divided by 47.
25
What is the remainder when 112 is divided by 25?
12
What is the remainder when 2098 is divided by 11?
8
Calculate the remainder when 1295 is divided by 431.
2
What is the remainder when 43 is divided by 9?
7
What is the remainder when 355 is divided by 28?
19
What is the remainder when 76 is divided by 13?
11
What is the remainder when 61 is divided by 24?
13
What is the remainder when 2431 is divided by 58?
53
What is the remainder when 531 is divided by 511?
20
What is the remainder when 329 is divided by 110?
109
Calculate the remainder when 196 is divided by 26.
14
Calculate the remainder when 649 is divided by 93.
91
Calculate the remainder when 926 is divided by 93.
89
Calculate the remainder when 1041 is divided by 31.
18
What is the remainder when 1100 is divided by 24?
20
What is the remainder when 465 is divided by 36?
33
What is the remainder when 293 is divided by 156?
137
What is the remainder when 19040 is divided by 2718?
14
Calculate the remainder when 562 is divided by 87.
40
Calculate the remainder when 2108 is divided by 100.
8
Calculate the remainder when 5397 is divided by 120.
117
What is the remainder when 177 is divided by 18?
15
Calculate the remainder when 95 is divided by 49.
46
What is the remainder when 219 is divided by 106?
7
Calculate the remainder when 792 is divided by 264.
0
What is the remainder when 6172 is divided by 98?
96
Calculate the remainder when 3205 is divided by 71.
10
What is the remainder when 388 is divided by 34?
14
Calculate the remainder when 150 is divided by 19.
17
What is the remainder when 1454 is divided by 47?
44
Calculate the remainder when 14 is divided by 6.
2
Calculate the remainder when 1410 is divided by 1402.
8
What is the remainder when 101 is divided by 52?
49
Calculate the remainder when 63 is divided by 6.
3
What is the remainder when 122 is divided by 68?
54
What is the remainder when 125 is divided by 8?
5
Calculate the remainder when 102 is divided by 15.
12
Calculate the remainder when 152 is divided by 53.
46
What is the remainder when 291 is divided by 8?
3
What is the remainder when 12730 is divided by 29?
28
What is the remainder when 46 is divided by 13?
7
Calculate the remainder when 1001 is divided by 281.
158
Calculate the remainder when 283 is divided by 10.
3
Calculate the remainder when 823 is divided by 118.
115
What is the remainder when 557 is divided by 31?
30
Calculate the remainder when 234 is divided by 87.
60
Calculate the remainder when 12309 is divided by 114.
111
Calculate the remainder when 623 is divided by 25.
23
Calculate the remainder when 93 is divided by 16.
13
What is the remainder when 24779 is divided by 15?
14
What is the remainder when 1298 is divided by 14?
10
What is the remainder when 135 is divided by 47?
41
What is the remainder when 136 is divided by 14?
10
Calculate the remainder when 53 is divided by 10.
3
What is the remainder when 119 is divided by 33?
20
Calculate the remainder when 329 is divided by 203.
126
What is the remainder when 5025 is divided by 1?
0
What is the remainder when 526 is divided by 22?
20
Calculate the remainder when 1970 is divided by 17.
15
What is the remainder when 388 is divided by 211?
177
Calculate the remainder when 1295 is divided by 24.
23
What is the remainder when 1661 is divided by 13?
10
Calculate the remainder when 679 is divided by 30.
19
Calculate the remainder when 362 is divided by 34.
22
Calculate the remainder when 29615 is divided by 7.
5
What is the remainder when 11 is divided by 6?
5
Calculate the remainder when 178 is divided by 36.
34
What is the remainder when 551 is divided by 24?
23
What is the remainder when 154 is divided by 4?
2
What is the remainder when 3464 is divided by 157?
10
Calculate the remainder when 41 is divided by 7.
6
Calculate the remainder when 39 is divided by 28.
11
Calculate the remainder when 190 is divided by 62.
4
Calculate the remainder when 134 is divided by 44.
2
What is the remainder when 356 is divided by 73?
64
What is the remainder when 923 is divided by 307?
2
Calculate the remainder when 70 is divided by 19.
13
Calculate the remainder when 761 is divided by 176.
57
What is the remainder when 291 is divided by 38?
25
What is the remainder when 11184 is divided by 94?
92
Calculate the remainder when 848 is divided by 176.
144
Calculate the remainder when 268 is divided by 98.
72
Calculate the remainder when 8464 is divided by 1056.
16
What is the remainder when 3016 is divided by 432?
424
Calculate the remainder when 34 is divided by 25.
9
What is the remainder when 503 is divided by 259?
244
What is the remainder when 72 is divided by 53?
19
Calculate the remainder when 161 is divided by 5.
1
What is the remainder when 205 is divided by 111?
94
What is the remainder when 4